
11
Calculate the remainder when 50 is divided by 22.
6
What is the remainder when 661 is divided by 39?
37
What is the remainder when 22918 is divided by 60?
58
Calculate the remainder when 7388 is divided by 16.
12
What is the remainder when 225 is divided by 73?
6
Calculate the remainder when 248 is divided by 15.
8
Calculate the remainder when 369 is divided by 48.
33
What is the remainder when 97 is divided by 31?
4
Calculate the remainder when 52 is divided by 31.
21
What is the remainder when 27 is divided by 27?
0
What is the remainder when 686 is divided by 257?
172
Calculate the remainder when 92 is divided by 32.
28
What is the remainder when 43 is divided by 21?
1
Calculate the remainder when 10554 is divided by 165.
159
Calculate the remainder when 157 is divided by 24.
13
Calculate the remainder when 272 is divided by 94.
84
Calculate the remainder when 3952 is divided by 88.
80
Calculate the remainder when 2566 is divided by 10.
6
What is the remainder when 753 is divided by 187?
5
Calculate the remainder when 1742 is divided by 217.
6
What is the remainder when 5208 is divided by 1736?
0
Calculate the remainder when 486 is divided by 110.
46
What is the remainder when 112 is divided by 29?
25
What is the remainder when 12499 is divided by 47?
44
What is the remainder when 8166 is divided by 83?
32
Calculate the remainder when 274 is divided by 42.
22
Calculate the remainder when 10815 is divided by 32.
31
Calculate the remainder when 454 is divided by 4.
2
Calculate the remainder when 1326 is divided by 1309.
17
What is the remainder when 279 is divided by 23?
3
Calculate the remainder when 319 is divided by 60.
19
Calculate the remainder when 440 is divided by 75.
65
Calculate the remainder when 44 is divided by 21.
2
Calculate the remainder when 540 is divided by 15.
0
What is the remainder when 305 is divided by 6?
5
What is the remainder when 276 is divided by 203?
73
What is the remainder when 8043 is divided by 54?
51
What is the remainder when 2968 is divided by 725?
68
Calculate the remainder when 17171 is divided by 8581.
9
What is the remainder when 467 is divided by 10?
7
What is the remainder when 115 is divided by 98?
17
What is the remainder when 1 is divided by 1?
0
What is the remainder when 65 is divided by 11?
10
Calculate the remainder when 84 is divided by 72.
12
Calculate the remainder when 678 is divided by 7.
6
Calculate the remainder when 823 is divided by 76.
63
What is the remainder when 758 is divided by 379?
0
Calculate the remainder when 76 is divided by 13.
11
Calculate the remainder when 417 is divided by 70.
67
What is the remainder when 80 is divided by 23?
11
Calculate the remainder when 110 is divided by 10.
0
Calculate the remainder when 287 is divided by 7.
0
What is the remainder when 600 is divided by 11?
6
Calculate the remainder when 609 is divided by 10.
9
What is the remainder when 713 is divided by 55?
53
Calculate the remainder when 93 is divided by 85.
8
Calculate the remainder when 954 is divided by 22.
8
What is the remainder when 37 is divided by 13?
11
What is the remainder when 358 is divided by 72?
70
What is the remainder when 1219 is divided by 300?
19
What is the remainder when 49 is divided by 5?
4
Calculate the remainder when 911 is divided by 293.
32
What is the remainder when 75 is divided by 16?
11
Calculate the remainder when 1022 is divided by 11.
10
Calculate the remainder when 3020 is divided by 431.
3
Calculate the remainder when 526 is divided by 49.
36
What is the remainder when 3711 is divided by 74?
11
Calculate the remainder when 67 is divided by 21.
4
Calculate the remainder when 224 is divided by 15.
14
Calculate the remainder when 71 is divided by 16.
7
Calculate the remainder when 8579 is divided by 6.
5
Calculate the remainder when 4354 is divided by 132.
130
Calculate the remainder when 219 is divided by 37.
34
Calculate the remainder when 1041 is divided by 12.
9
Calculate the remainder when 1003 is divided by 48.
43
What is the remainder when 270 is divided by 130?
10
What is the remainder when 406 is divided by 51?
49
What is the remainder when 654 is divided by 146?
70
What is the remainder when 69 is divided by 62?
7
What is the remainder when 17 is divided by 5?
2
What is the remainder when 367 is divided by 191?
176
Calculate the remainder when 379 is divided by 72.
19
Calculate the remainder when 159 is divided by 23.
21
What is the remainder when 338 is divided by 61?
33
What is the remainder when 1340 is divided by 11?
9
Calculate the remainder when 1185 is divided by 41.
37
Calculate the remainder when 53 is divided by 11.
9
What is the remainder when 193 is divided by 65?
63
Calculate the remainder when 2434 is divided by 29.
27
Calculate the remainder when 518 is divided by 76.
62
Calculate the remainder when 206 is divided by 22.
8
What is the remainder when 518 is divided by 21?
14
Calculate the remainder when 169 is divided by 29.
24
What is the remainder when 83 is divided by 36?
11
What is the remainder when 1040 is divided by 70?
60
What is the remainder when 806 is divided by 81?
77
What is the remainder when 222 is divided by 45?
42
What is the remainder when 55 is divided by 16?
7
Calculate the remainder when 669 is divided by 42.
39
Calculate the remainder when 216 is divided by 44.
40
What is the remainder when 410 is divided by 55?
25
What is the remainder when 3067 is divided by 7?
1
What is the remainder when 2153 is divided by 14?
11
Calculate the remainder when 1038 is divided by 35.
23
Calculate the remainder when 151 is divided by 49.
4
Calculate the remainder when 490 is divided by 28.
14
Calculate the remainder when 5943 is divided by 740.
23
What is the remainder when 396 is divided by 16?
12
Calculate the remainder when 147 is divided by 78.
69
Calculate the remainder when 163 is divided by 84.
79
Calculate the remainder when 698 is divided by 83.
34
Calculate the remainder when 100 is divided by 3.
1
Calculate the remainder when 377 is divided by 6.
5
What is the remainder when 3417 is divided by 10?
7
Calculate the remainder when 657 is divided by 648.
9
What is the remainder when 2 is divided by 2?
0
What is the remainder when 4846 is divided by 440?
6
What is the remainder when 818 is divided by 11?
4
What is the remainder when 520 is divided by 181?
158
What is the remainder when 420 is divided by 9?
6
What is the remainder when 1066 is divided by 107?
103
Calculate the remainder when 2572 is divided by 23.
19
Calculate the remainder when 115 is divided by 26.
11
Calculate the remainder when 329 is divided by 19.
6
Calculate the remainder when 522 is divided by 84.
18
Calculate the remainder when 96 is divided by 25.
21
Calculate the remainder when 748 is divided by 91.
20
Calculate the remainder when 276 is divided by 83.
27
Calculate the remainder when 467 is divided by 174.
119
Calculate the remainder when 2262 is divided by 34.
18
What is the remainder when 248 is divided by 51?
44
Calculate the remainder when 543 is divided by 14.
11
What is the remainder when 191 is divided by 24?
23
What is the remainder when 116 is divided by 25?
16
Calculate the remainder when 1127 is divided by 7.
0
Calculate the remainder when 871 is divided by 146.
141
What is the remainder when 506 is divided by 85?
81
What is the remainder when 165 is divided by 81?
3
Calculate the remainder when 603 is divided by 286.
31
Calculate the remainder when 64 is divided by 14.
8
What is the remainder when 7032 is divided by 33?
3
Calculate the remainder when 147 is divided by 19.
14
What is the remainder when 3305 is divided by 33?
5
Calculate the remainder when 261 is divided by 59.
25
Calculate the remainder when 171 is divided by 84.
3
What is the remainder when 1971 is divided by 981?
9
What is the remainder when 574 is divided by 239?
96
What is the remainder when 257 is divided by 65?
62
Calculate the remainder when 22478 is divided by 381.
380
What is the remainder when 310 is divided by 45?
40
Calculate the remainder when 232 is divided by 26.
24
Calculate the remainder when 273 is divided by 25.
23
Calculate the remainder when 548 is divided by 111.
104
What is the remainder when 442 is divided by 104?
26
What is the remainde